[INFO] cloning repository https://github.com/TheRealHnefi/fortress
[INFO] running `Command { std: "git" "-c" "credential.helper=" "-c" "credential.helper=/workspace/cargo-home/bin/git-credential-null" "clone" "--bare" "https://github.com/TheRealHnefi/fortress" "/workspace/cache/git-repos/https%3A%2F%2Fgithub.com%2FTheRealHnefi%2Ffortress", kill_on_drop: false }`
[INFO] [stderr] Cloning into bare repository '/workspace/cache/git-repos/https%3A%2F%2Fgithub.com%2FTheRealHnefi%2Ffortress'...
[INFO] running `Command { std: "git" "rev-parse" "HEAD", kill_on_drop: false }`
[INFO] [stdout] 7eda20786c7f62cc3850c4bb3693c6c1ed32cf86
[INFO] checking TheRealHnefi/fortress against master#cfbc6d4cf1acbac5c025acf8ed68929caa551df3 for pr-75494-beta
[INFO] running `Command { std: "git" "clone" "/workspace/cache/git-repos/https%3A%2F%2Fgithub.com%2FTheRealHnefi%2Ffortress" "/workspace/builds/worker-2/source", kill_on_drop: false }`
[INFO] [stderr] Cloning into '/workspace/builds/worker-2/source'...
[INFO] [stderr] done.
[INFO] validating manifest of git repo https://github.com/TheRealHnefi/fortress on toolchain cfbc6d4cf1acbac5c025acf8ed68929caa551df3
[INFO] running `Command { std: "/workspace/cargo-home/bin/cargo" "+cfbc6d4cf1acbac5c025acf8ed68929caa551df3" "read-manifest" "--manifest-path" "Cargo.toml", kill_on_drop: false }`
[INFO] started tweaking git repo https://github.com/TheRealHnefi/fortress
[INFO] finished tweaking git repo https://github.com/TheRealHnefi/fortress
[INFO] tweaked toml for git repo https://github.com/TheRealHnefi/fortress written to /workspace/builds/worker-2/source/Cargo.toml
[INFO] crate git repo https://github.com/TheRealHnefi/fortress already has a lockfile, it will not be regenerated
[INFO] running `Command { std: "/workspace/cargo-home/bin/cargo" "+cfbc6d4cf1acbac5c025acf8ed68929caa551df3" "fetch" "--locked" "--manifest-path" "Cargo.toml", kill_on_drop: false }`
[INFO] [stderr] error: the lock file /workspace/builds/worker-2/source/Cargo.lock needs to be updated but --locked was passed to prevent this
[INFO] [stderr] If you want to try to generate the lock file without accessing the network, use the --offline flag.
[INFO] the lockfile is outdated, regenerating it
[INFO] running `Command { std: "/workspace/cargo-home/bin/cargo" "+cfbc6d4cf1acbac5c025acf8ed68929caa551df3" "generate-lockfile" "--manifest-path" "Cargo.toml" "-Zno-index-update", kill_on_drop: false }`
[INFO] [stderr]     Blocking waiting for file lock on package cache
[INFO] running `Command { std: "/workspace/cargo-home/bin/cargo" "+cfbc6d4cf1acbac5c025acf8ed68929caa551df3" "fetch" "--locked" "--manifest-path" "Cargo.toml", kill_on_drop: false }`
[INFO] running `Command { std: "docker" "create" "-v" "/var/lib/crater-agent-workspace/builds/worker-2/target:/opt/rustwide/target:rw,Z" "-v" "/var/lib/crater-agent-workspace/builds/worker-2/source:/opt/rustwide/workdir:ro,Z" "-v" "/var/lib/crater-agent-workspace/cargo-home:/opt/rustwide/cargo-home:ro,Z" "-v" "/var/lib/crater-agent-workspace/rustup-home:/opt/rustwide/rustup-home:ro,Z" "-e" "SOURCE_DIR=/opt/rustwide/workdir" "-e" "CARGO_TARGET_DIR=/opt/rustwide/target" "-e" "CARGO_HOME=/opt/rustwide/cargo-home" "-e" "RUSTUP_HOME=/opt/rustwide/rustup-home" "-w" "/opt/rustwide/workdir" "-m" "1610612736" "--user" "0:0" "--network" "none" "rustops/crates-build-env@sha256:a636fd89d022f18117e1dc8fb37a0a009933cdbbe082814857f0e2024962d47c" "/opt/rustwide/cargo-home/bin/cargo" "+cfbc6d4cf1acbac5c025acf8ed68929caa551df3" "metadata" "--no-deps" "--format-version=1", kill_on_drop: false }`
[INFO] [stdout] 30f45c6c821358c12056b20b165c2e9976b3489abb15e41ec427257bd6498618
[INFO] [stderr] WARNING: Your kernel does not support swap limit capabilities or the cgroup is not mounted. Memory limited without swap.
[INFO] running `Command { std: "docker" "start" "-a" "30f45c6c821358c12056b20b165c2e9976b3489abb15e41ec427257bd6498618", kill_on_drop: false }`
[INFO] running `Command { std: "docker" "inspect" "30f45c6c821358c12056b20b165c2e9976b3489abb15e41ec427257bd6498618", kill_on_drop: false }`
[INFO] running `Command { std: "docker" "rm" "-f" "30f45c6c821358c12056b20b165c2e9976b3489abb15e41ec427257bd6498618", kill_on_drop: false }`
[INFO] [stdout] 30f45c6c821358c12056b20b165c2e9976b3489abb15e41ec427257bd6498618
[INFO] running `Command { std: "docker" "create" "-v" "/var/lib/crater-agent-workspace/builds/worker-2/target:/opt/rustwide/target:rw,Z" "-v" "/var/lib/crater-agent-workspace/builds/worker-2/source:/opt/rustwide/workdir:ro,Z" "-v" "/var/lib/crater-agent-workspace/cargo-home:/opt/rustwide/cargo-home:ro,Z" "-v" "/var/lib/crater-agent-workspace/rustup-home:/opt/rustwide/rustup-home:ro,Z" "-e" "SOURCE_DIR=/opt/rustwide/workdir" "-e" "CARGO_TARGET_DIR=/opt/rustwide/target" "-e" "CARGO_INCREMENTAL=0" "-e" "RUST_BACKTRACE=full" "-e" "RUSTFLAGS=--cap-lints=forbid" "-e" "CARGO_HOME=/opt/rustwide/cargo-home" "-e" "RUSTUP_HOME=/opt/rustwide/rustup-home" "-w" "/opt/rustwide/workdir" "-m" "1610612736" "--user" "0:0" "--network" "none" "rustops/crates-build-env@sha256:a636fd89d022f18117e1dc8fb37a0a009933cdbbe082814857f0e2024962d47c" "/opt/rustwide/cargo-home/bin/cargo" "+cfbc6d4cf1acbac5c025acf8ed68929caa551df3" "check" "--frozen" "--all" "--all-targets" "--message-format=json", kill_on_drop: false }`
[INFO] [stdout] be524e5d75a5fa16f411cd43d7c47a755eb42d62af5b31ffaf460da7a6409af5
[INFO] [stderr] WARNING: Your kernel does not support swap limit capabilities or the cgroup is not mounted. Memory limited without swap.
[INFO] running `Command { std: "docker" "start" "-a" "be524e5d75a5fa16f411cd43d7c47a755eb42d62af5b31ffaf460da7a6409af5", kill_on_drop: false }`
[INFO] [stderr]    Compiling libc v0.2.76
[INFO] [stderr]    Compiling log v0.4.11
[INFO] [stderr]    Compiling xml-rs v0.8.3
[INFO] [stderr]    Compiling autocfg v1.0.1
[INFO] [stderr]     Checking cfg-if v0.1.10
[INFO] [stderr]    Compiling unicode-xid v0.1.0
[INFO] [stderr]    Compiling khronos_api v3.1.0
[INFO] [stderr]    Compiling bitflags v1.2.1
[INFO] [stderr]    Compiling libloading v0.6.2
[INFO] [stderr]    Compiling autocfg v0.1.7
[INFO] [stderr]     Checking rand_core v0.4.2
[INFO] [stderr]     Checking slab v0.4.2
[INFO] [stderr]     Checking lazycell v1.3.0
[INFO] [stderr]    Compiling maybe-uninit v2.0.0
[INFO] [stderr]    Compiling pkg-config v0.3.18
[INFO] [stderr]     Checking same-file v1.0.6
[INFO] [stderr]     Checking downcast-rs v1.2.0
[INFO] [stderr]    Compiling cc v1.0.59
[INFO] [stderr]     Checking smallvec v1.4.2
[INFO] [stderr]     Checking scopeguard v1.1.0
[INFO] [stderr]     Checking instant v0.1.6
[INFO] [stderr]     Checking adler v0.2.3
[INFO] [stderr]     Checking gimli v0.22.0
[INFO] [stderr]     Checking percent-encoding v2.1.0
[INFO] [stderr]     Checking object v0.20.0
[INFO] [stderr]     Checking rustc-demangle v0.1.16
[INFO] [stderr]     Checking takeable-option v0.5.0
[INFO] [stderr]     Checking fnv v1.0.7
[INFO] [stderr]     Checking clock_ticks v0.1.1
[INFO] [stderr]     Checking rand_core v0.3.1
[INFO] [stderr]     Checking rand_jitter v0.1.4
[INFO] [stderr]     Checking walkdir v2.3.1
[INFO] [stderr]     Checking lock_api v0.3.4
[INFO] [stderr]     Checking miniz_oxide v0.4.1
[INFO] [stderr]    Compiling proc-macro2 v0.4.30
[INFO] [stderr]     Checking rand_isaac v0.1.1
[INFO] [stderr]     Checking rand_hc v0.1.0
[INFO] [stderr]     Checking rand_xorshift v0.1.1
[INFO] [stderr]     Checking stb_truetype v0.3.1
[INFO] [stderr]    Compiling rand_chacha v0.1.1
[INFO] [stderr]    Compiling rand_pcg v0.1.2
[INFO] [stderr]    Compiling rand v0.6.5
[INFO] [stderr]    Compiling num-traits v0.2.12
[INFO] [stderr]    Compiling memoffset v0.5.5
[INFO] [stderr]     Checking dlib v0.4.2
[INFO] [stderr]    Compiling quote v0.6.13
[INFO] [stderr]    Compiling gl_generator v0.14.0
[INFO] [stderr]     Checking wayland-sys v0.23.6
[INFO] [stderr]    Compiling x11-dl v2.18.5
[INFO] [stderr]    Compiling wayland-scanner v0.23.6
[INFO] [stderr]     Checking iovec v0.1.4
[INFO] [stderr]     Checking net2 v0.2.34
[INFO] [stderr]     Checking nix v0.14.1
[INFO] [stderr]     Checking memmap v0.7.0
[INFO] [stderr]     Checking parking_lot_core v0.7.2
[INFO] [stderr]     Checking shared_library v0.1.9
[INFO] [stderr]     Checking raw-window-handle v0.3.3
[INFO] [stderr]     Checking rand_os v0.1.3
[INFO] [stderr]    Compiling libloading v0.5.2
[INFO] [stderr]     Checking osmesa-sys v0.1.2
[INFO] [stderr]     Checking mio v0.6.22
[INFO] [stderr]     Checking parking_lot v0.10.2
[INFO] [stderr]    Compiling glutin_egl_sys v0.1.5
[INFO] [stderr]    Compiling glutin_glx_sys v0.1.7
[INFO] [stderr]    Compiling glium v0.27.0
[INFO] [stderr]     Checking approx v0.3.2
[INFO] [stderr]     Checking ordered-float v1.1.0
[INFO] [stderr]     Checking line_drawing v0.7.0
[INFO] [stderr]     Checking rusttype v0.8.3
[INFO] [stderr]     Checking mio-extras v2.0.6
[INFO] [stderr]     Checking rusttype v0.7.9
[INFO] [stderr]     Checking cgmath v0.17.0
[INFO] [stderr]     Checking andrew v0.2.1
[INFO] [stderr]    Compiling wayland-client v0.23.6
[INFO] [stderr]    Compiling wayland-protocols v0.23.6
[INFO] [stderr]     Checking addr2line v0.13.0
[INFO] [stderr]     Checking backtrace v0.3.50
[INFO] [stderr]     Checking wayland-commons v0.23.6
[INFO] [stderr]     Checking calloop v0.4.4
[INFO] [stderr]     Checking smithay-client-toolkit v0.6.6
[INFO] [stderr]     Checking winit v0.22.2
[INFO] [stderr]     Checking glutin v0.24.1
[INFO] [stderr]     Checking fortress v0.1.0 (/opt/rustwide/workdir)
[INFO] [stdout] error[E0432]: unresolved import `glium::DisplayBuild`
[INFO] [stdout]   --> src/main.rs:16:7
[INFO] [stdout]    |
[INFO] [stdout] 16 |   use glium::DisplayBuild;
[INFO] [stdout]    |       ^^^^^^^^^^^^^^^^^^^ no `DisplayBuild` in the root
[INFO] [stdout] 
[INFO] [stdout] 
[INFO] [stdout] error[E0433]: failed to resolve: could not find `Event` in `glutin`
[INFO] [stdout]   --> src/main.rs:44:24
[INFO] [stdout]    |
[INFO] [stdout] 44 |         glium::glutin::Event::Closed => running = false,
[INFO] [stdout]    |                        ^^^^^ could not find `Event` in `glutin`
[INFO] [stdout] 
[INFO] [stdout] 
[INFO] [stdout] error[E0433]: failed to resolve: could not find `WindowBuilder` in `glutin`
[INFO] [stdout]   --> src/main.rs:22:31
[INFO] [stdout]    |
[INFO] [stdout] 22 |   let window = glium::glutin::WindowBuilder::new()
[INFO] [stdout]    |                               ^^^^^^^^^^^^^ not found in `glium::glutin`
[INFO] [stdout]    |
[INFO] [stdout] help: consider importing this struct
[INFO] [stdout]    |
[INFO] [stdout] 6  | use glium::glutin::window::WindowBuilder;
[INFO] [stdout]    |
[INFO] [stdout] 
[INFO] [stdout] 
[INFO] [stdout] warning: the item `clock_ticks` is imported redundantly
[INFO] [stdout]   --> src/main.rs:20:7
[INFO] [stdout]    |
[INFO] [stdout] 4  | extern crate clock_ticks;
[INFO] [stdout]    | ------------------------- the item `clock_ticks` is already imported here
[INFO] [stdout] ...
[INFO] [stdout] 20 |   use clock_ticks;
[INFO] [stdout]    |       ^^^^^^^^^^^
[INFO] [stdout]    |
[INFO] [stdout]    = note: `#[warn(unused_imports)]` on by default
[INFO] [stdout] 
[INFO] [stdout] 
[INFO] [stdout] error[E0432]: unresolved import `glium::DisplayBuild`
[INFO] [stdout]   --> src/main.rs:16:7
[INFO] [stdout]    |
[INFO] [stdout] 16 |   use glium::DisplayBuild;
[INFO] [stdout]    |       ^^^^^^^^^^^^^^^^^^^ no `DisplayBuild` in the root
[INFO] [stdout] 
[INFO] [stdout] 
[INFO] [stdout] error[E0433]: failed to resolve: could not find `Event` in `glutin`
[INFO] [stdout]   --> src/main.rs:44:24
[INFO] [stdout]    |
[INFO] [stdout] 44 |         glium::glutin::Event::Closed => running = false,
[INFO] [stdout]    |                        ^^^^^ could not find `Event` in `glutin`
[INFO] [stdout] 
[INFO] [stdout] 
[INFO] [stdout] error[E0433]: failed to resolve: could not find `WindowBuilder` in `glutin`
[INFO] [stdout]   --> src/main.rs:22:31
[INFO] [stdout]    |
[INFO] [stdout] 22 |   let window = glium::glutin::WindowBuilder::new()
[INFO] [stdout]    |                               ^^^^^^^^^^^^^ not found in `glium::glutin`
[INFO] [stdout]    |
[INFO] [stdout] help: consider importing this struct
[INFO] [stdout]    |
[INFO] [stdout] 6  | use glium::glutin::window::WindowBuilder;
[INFO] [stdout]    |
[INFO] [stdout] 
[INFO] [stdout] 
[INFO] [stdout] warning: the item `clock_ticks` is imported redundantly
[INFO] [stdout]   --> src/main.rs:20:7
[INFO] [stdout]    |
[INFO] [stdout] 4  | extern crate clock_ticks;
[INFO] [stdout]    | ------------------------- the item `clock_ticks` is already imported here
[INFO] [stdout] ...
[INFO] [stdout] 20 |   use clock_ticks;
[INFO] [stdout]    |       ^^^^^^^^^^^
[INFO] [stdout]    |
[INFO] [stdout]    = note: `#[warn(unused_imports)]` on by default
[INFO] [stdout] 
[INFO] [stdout] 
[INFO] [stdout] error[E0599]: no method named `poll_events` found for struct `glium::Display` in the current scope
[INFO] [stdout]   --> src/main.rs:42:25
[INFO] [stdout]    |
[INFO] [stdout] 42 |     for event in window.poll_events() {
[INFO] [stdout]    |                         ^^^^^^^^^^^ method not found in `glium::Display`
[INFO] [stdout] 
[INFO] [stdout] 
[INFO] [stdout] error[E0308]: mismatched types
[INFO] [stdout]   --> src/session.rs:22:51
[INFO] [stdout]    |
[INFO] [stdout] 22 |       transform: Matrix4::<f32>::from_translation(&Vector3::<f32>::new(-5.0, 5.0, -10.0)),
[INFO] [stdout]    |                                                   ^^^^^^^^^^^^^^^^^^^^^^^^^^^^^^^^^^^^^^
[INFO] [stdout]    |                                                   |
[INFO] [stdout]    |                                                   expected struct `cgmath::Vector3`, found reference
[INFO] [stdout]    |                                                   help: consider removing the borrow: `Vector3::<f32>::new(-5.0, 5.0, -10.0)`
[INFO] [stdout]    |
[INFO] [stdout]    = note: expected struct `cgmath::Vector3<f32>`
[INFO] [stdout]            found reference `&cgmath::Vector3<f32>`
[INFO] [stdout] 
[INFO] [stdout] 
[INFO] [stdout] error[E0599]: no method named `get_window` found for reference `&glium::Display` in the current scope
[INFO] [stdout]   --> src/renderer.rs:36:42
[INFO] [stdout]    |
[INFO] [stdout] 36 |     let (view_x, view_y) = match display.get_window() {
[INFO] [stdout]    |                                          ^^^^^^^^^^ help: there is an associated function with a similar name: `gl_window`
[INFO] [stdout] 
[INFO] [stdout] 
[INFO] [stdout] error[E0599]: no function or associated item named `identity` found for struct `cgmath::Matrix4<_>` in the current scope
[INFO] [stdout]   --> src/renderer.rs:58:48
[INFO] [stdout]    |
[INFO] [stdout] 58 |     self.do_render(&mut frame, graph, Matrix4::identity());
[INFO] [stdout]    |                                                ^^^^^^^^ function or associated item not found in `cgmath::Matrix4<_>`
[INFO] [stdout]    |
[INFO] [stdout]    = help: items from traits can only be used if the trait is in scope
[INFO] [stdout]    = note: the following trait is implemented but not in scope; perhaps add a `use` for it:
[INFO] [stdout]            `use cgmath::SquareMatrix;`
[INFO] [stdout] 
[INFO] [stdout] 
[INFO] [stdout] error[E0277]: the trait bound `cgmath::Matrix4<f32>: glium::uniforms::AsUniformValue` is not satisfied
[INFO] [stdout]   --> src/renderer.rs:71:15
[INFO] [stdout]    |
[INFO] [stdout] 71 |       matrix: self.projection * new_transform
[INFO] [stdout]    |               ^^^^^^^^^^^^^^^^^^^^^^^^^^^^^^^ the trait `glium::uniforms::AsUniformValue` is not implemented for `cgmath::Matrix4<f32>`
[INFO] [stdout]    |
[INFO] [stdout]    = note: required by `glium::uniforms::UniformsStorage::<'n, T, glium::uniforms::EmptyUniforms>::new`
[INFO] [stdout] 
[INFO] [stdout] 
[INFO] [stdout] error[E0277]: the trait bound `cgmath::Matrix4<f32>: glium::uniforms::AsUniformValue` is not satisfied
[INFO] [stdout]   --> src/renderer.rs:70:20
[INFO] [stdout]    |
[INFO] [stdout] 70 |       let uniforms = uniform! {
[INFO] [stdout]    |  ____________________^
[INFO] [stdout] 71 | |       matrix: self.projection * new_transform
[INFO] [stdout] 72 | |     };
[INFO] [stdout]    | |_____^ the trait `glium::uniforms::AsUniformValue` is not implemented for `cgmath::Matrix4<f32>`
[INFO] [stdout]    | 
[INFO] [stdout]   ::: /opt/rustwide/cargo-home/registry/src/github.com-1ecc6299db9ec823/glium-0.27.0/src/uniforms/uniforms.rs:14:47
[INFO] [stdout]    |
[INFO] [stdout] 14 |   pub struct UniformsStorage<'n, T, R> where T: AsUniformValue, R: Uniforms {
[INFO] [stdout]    |                                                 -------------- required by this bound in `glium::uniforms::UniformsStorage`
[INFO] [stdout]    |
[INFO] [stdout]    = note: this error originates in a macro (in Nightly builds, run with -Z macro-backtrace for more info)
[INFO] [stdout] 
[INFO] [stdout] 
[INFO] [stdout] error[E0277]: the trait bound `cgmath::Matrix4<f32>: glium::uniforms::AsUniformValue` is not satisfied
[INFO] [stdout]   --> src/renderer.rs:89:11
[INFO] [stdout]    |
[INFO] [stdout] 89 |           &uniforms,
[INFO] [stdout]    |           ^^^^^^^^^ the trait `glium::uniforms::AsUniformValue` is not implemented for `cgmath::Matrix4<f32>`
[INFO] [stdout]    |
[INFO] [stdout]    = note: required because of the requirements on the impl of `glium::uniforms::Uniforms` for `glium::uniforms::UniformsStorage<'_, cgmath::Matrix4<f32>, glium::uniforms::EmptyUniforms>`
[INFO] [stdout] 
[INFO] [stdout] 
[INFO] [stdout] error[E0599]: no function or associated item named `identity` found for struct `cgmath::Matrix4<f32>` in the current scope
[INFO] [stdout]    --> src/world.rs:134:34
[INFO] [stdout]     |
[INFO] [stdout] 134 |       transform: Matrix4::<f32>::identity(),
[INFO] [stdout]     |                                  ^^^^^^^^ function or associated item not found in `cgmath::Matrix4<f32>`
[INFO] [stdout]     |
[INFO] [stdout]     = help: items from traits can only be used if the trait is in scope
[INFO] [stdout]     = note: the following trait is implemented but not in scope; perhaps add a `use` for it:
[INFO] [stdout]             `use cgmath::SquareMatrix;`
[INFO] [stdout] 
[INFO] [stdout] 
[INFO] [stdout] error[E0308]: mismatched types
[INFO] [stdout]   --> src/block.rs:33:51
[INFO] [stdout]    |
[INFO] [stdout] 33 |       transform: Matrix4::<f32>::from_translation(&placeholder_pos),
[INFO] [stdout]    |                                                   ^^^^^^^^^^^^^^^^
[INFO] [stdout]    |                                                   |
[INFO] [stdout]    |                                                   expected struct `cgmath::Vector3`, found reference
[INFO] [stdout]    |                                                   help: consider removing the borrow: `placeholder_pos`
[INFO] [stdout]    |
[INFO] [stdout]    = note: expected struct `cgmath::Vector3<f32>`
[INFO] [stdout]            found reference `&cgmath::Vector3<f32>`
[INFO] [stdout] 
[INFO] [stdout] 
[INFO] [stdout] error: aborting due to 12 previous errors; 1 warning emitted
[INFO] [stdout] 
[INFO] [stdout] 
[INFO] [stdout] Some errors have detailed explanations: E0277, E0308, E0432, E0433, E0599.
[INFO] [stdout] 
[INFO] [stdout] For more information about an error, try `rustc --explain E0277`.
[INFO] [stdout] 
[INFO] [stdout] error[E0599]: no method named `poll_events` found for struct `glium::Display` in the current scope
[INFO] [stdout]   --> src/main.rs:42:25
[INFO] [stdout]    |
[INFO] [stdout] 42 |     for event in window.poll_events() {
[INFO] [stdout]    |                         ^^^^^^^^^^^ method not found in `glium::Display`
[INFO] [stdout] 
[INFO] [stdout] 
[INFO] [stderr] error: could not compile `fortress`.
[INFO] [stderr] 
[INFO] [stderr] To learn more, run the command again with --verbose.
[INFO] [stderr] warning: build failed, waiting for other jobs to finish...
[INFO] [stdout] error[E0308]: mismatched types
[INFO] [stdout]   --> src/session.rs:22:51
[INFO] [stdout]    |
[INFO] [stdout] 22 |       transform: Matrix4::<f32>::from_translation(&Vector3::<f32>::new(-5.0, 5.0, -10.0)),
[INFO] [stdout]    |                                                   ^^^^^^^^^^^^^^^^^^^^^^^^^^^^^^^^^^^^^^
[INFO] [stdout]    |                                                   |
[INFO] [stdout]    |                                                   expected struct `cgmath::Vector3`, found reference
[INFO] [stdout]    |                                                   help: consider removing the borrow: `Vector3::<f32>::new(-5.0, 5.0, -10.0)`
[INFO] [stdout]    |
[INFO] [stdout]    = note: expected struct `cgmath::Vector3<f32>`
[INFO] [stdout]            found reference `&cgmath::Vector3<f32>`
[INFO] [stdout] 
[INFO] [stdout] 
[INFO] [stdout] error[E0599]: no method named `get_window` found for reference `&glium::Display` in the current scope
[INFO] [stdout]   --> src/renderer.rs:36:42
[INFO] [stdout]    |
[INFO] [stdout] 36 |     let (view_x, view_y) = match display.get_window() {
[INFO] [stdout]    |                                          ^^^^^^^^^^ help: there is an associated function with a similar name: `gl_window`
[INFO] [stdout] 
[INFO] [stdout] 
[INFO] [stdout] error[E0599]: no function or associated item named `identity` found for struct `cgmath::Matrix4<_>` in the current scope
[INFO] [stdout]   --> src/renderer.rs:58:48
[INFO] [stdout]    |
[INFO] [stdout] 58 |     self.do_render(&mut frame, graph, Matrix4::identity());
[INFO] [stdout]    |                                                ^^^^^^^^ function or associated item not found in `cgmath::Matrix4<_>`
[INFO] [stdout]    |
[INFO] [stdout]    = help: items from traits can only be used if the trait is in scope
[INFO] [stdout]    = note: the following trait is implemented but not in scope; perhaps add a `use` for it:
[INFO] [stdout]            `use cgmath::SquareMatrix;`
[INFO] [stdout] 
[INFO] [stdout] 
[INFO] [stdout] error[E0277]: the trait bound `cgmath::Matrix4<f32>: glium::uniforms::AsUniformValue` is not satisfied
[INFO] [stdout]   --> src/renderer.rs:71:15
[INFO] [stdout]    |
[INFO] [stdout] 71 |       matrix: self.projection * new_transform
[INFO] [stdout]    |               ^^^^^^^^^^^^^^^^^^^^^^^^^^^^^^^ the trait `glium::uniforms::AsUniformValue` is not implemented for `cgmath::Matrix4<f32>`
[INFO] [stdout]    |
[INFO] [stdout]    = note: required by `glium::uniforms::UniformsStorage::<'n, T, glium::uniforms::EmptyUniforms>::new`
[INFO] [stdout] 
[INFO] [stdout] 
[INFO] [stdout] error[E0277]: the trait bound `cgmath::Matrix4<f32>: glium::uniforms::AsUniformValue` is not satisfied
[INFO] [stdout]   --> src/renderer.rs:70:20
[INFO] [stdout]    |
[INFO] [stdout] 70 |       let uniforms = uniform! {
[INFO] [stdout]    |  ____________________^
[INFO] [stdout] 71 | |       matrix: self.projection * new_transform
[INFO] [stdout] 72 | |     };
[INFO] [stdout]    | |_____^ the trait `glium::uniforms::AsUniformValue` is not implemented for `cgmath::Matrix4<f32>`
[INFO] [stdout]    | 
[INFO] [stdout]   ::: /opt/rustwide/cargo-home/registry/src/github.com-1ecc6299db9ec823/glium-0.27.0/src/uniforms/uniforms.rs:14:47
[INFO] [stdout]    |
[INFO] [stdout] 14 |   pub struct UniformsStorage<'n, T, R> where T: AsUniformValue, R: Uniforms {
[INFO] [stdout]    |                                                 -------------- required by this bound in `glium::uniforms::UniformsStorage`
[INFO] [stdout]    |
[INFO] [stdout]    = note: this error originates in a macro (in Nightly builds, run with -Z macro-backtrace for more info)
[INFO] [stdout] 
[INFO] [stdout] 
[INFO] [stdout] error[E0277]: the trait bound `cgmath::Matrix4<f32>: glium::uniforms::AsUniformValue` is not satisfied
[INFO] [stdout]   --> src/renderer.rs:89:11
[INFO] [stdout]    |
[INFO] [stdout] 89 |           &uniforms,
[INFO] [stdout]    |           ^^^^^^^^^ the trait `glium::uniforms::AsUniformValue` is not implemented for `cgmath::Matrix4<f32>`
[INFO] [stdout]    |
[INFO] [stdout]    = note: required because of the requirements on the impl of `glium::uniforms::Uniforms` for `glium::uniforms::UniformsStorage<'_, cgmath::Matrix4<f32>, glium::uniforms::EmptyUniforms>`
[INFO] [stdout] 
[INFO] [stdout] 
[INFO] [stdout] error[E0599]: no function or associated item named `identity` found for struct `cgmath::Matrix4<f32>` in the current scope
[INFO] [stdout]    --> src/world.rs:134:34
[INFO] [stdout]     |
[INFO] [stdout] 134 |       transform: Matrix4::<f32>::identity(),
[INFO] [stdout]     |                                  ^^^^^^^^ function or associated item not found in `cgmath::Matrix4<f32>`
[INFO] [stdout]     |
[INFO] [stdout]     = help: items from traits can only be used if the trait is in scope
[INFO] [stdout]     = note: the following trait is implemented but not in scope; perhaps add a `use` for it:
[INFO] [stdout]             `use cgmath::SquareMatrix;`
[INFO] [stdout] 
[INFO] [stdout] 
[INFO] [stdout] error[E0308]: mismatched types
[INFO] [stdout]   --> src/block.rs:33:51
[INFO] [stdout]    |
[INFO] [stdout] 33 |       transform: Matrix4::<f32>::from_translation(&placeholder_pos),
[INFO] [stdout]    |                                                   ^^^^^^^^^^^^^^^^
[INFO] [stdout]    |                                                   |
[INFO] [stdout]    |                                                   expected struct `cgmath::Vector3`, found reference
[INFO] [stdout]    |                                                   help: consider removing the borrow: `placeholder_pos`
[INFO] [stdout]    |
[INFO] [stdout]    = note: expected struct `cgmath::Vector3<f32>`
[INFO] [stdout]            found reference `&cgmath::Vector3<f32>`
[INFO] [stdout] 
[INFO] [stdout] 
[INFO] [stdout] error: aborting due to 12 previous errors; 1 warning emitted
[INFO] [stdout] 
[INFO] [stdout] 
[INFO] [stdout] Some errors have detailed explanations: E0277, E0308, E0432, E0433, E0599.
[INFO] [stdout] 
[INFO] [stdout] For more information about an error, try `rustc --explain E0277`.
[INFO] [stdout] 
[INFO] [stderr] error: build failed
[INFO] running `Command { std: "docker" "inspect" "be524e5d75a5fa16f411cd43d7c47a755eb42d62af5b31ffaf460da7a6409af5", kill_on_drop: false }`
[INFO] running `Command { std: "docker" "rm" "-f" "be524e5d75a5fa16f411cd43d7c47a755eb42d62af5b31ffaf460da7a6409af5", kill_on_drop: false }`
[INFO] [stdout] be524e5d75a5fa16f411cd43d7c47a755eb42d62af5b31ffaf460da7a6409af5
